ed by q?
12
Calculate the remainder when 5/12 + (-26)/39 + 352947/28 is divided by 66.
65
Let a(j) = -70*j - 316. Suppose 0 = 5*g - 5*p + 15, 0 = -4*p + 31 - 39. Suppose 0 = 2*t - 21 - 3. Calculate the remainder when a(g) is divided by t.
10
Suppose 16 = 2*q - 26. Suppose 2*r = 21 - 1. Let u(g) = -g**2 + 10*g + 11. What is the remainder when q is divided by u(r)?
10
Suppose 270 = 36*r - 2142. Let p = 0 + 7. Calculate the remainder when r is divided by p.
4
Let b(y) = 7*y**2 - 36*y - 12. Suppose -s - 2*d - 6 = -2*s, 0 = -2*s - d + 12. Calculate the remainder when 164 is divided by b(s).
20
Let a(m) be the second derivative of -m**5/20 + 61*m**4/12 - 19*m**3/2 - 25*m**2 - 8*m + 8. What is the remainder when a(60) is divided by 57?
16
Let o = -15 - -46. Let w(a) = -a**3 - 8*a**2 + 5*a - 18. Let k(m) = 3*m - 45. Let h be k(12). What is the remainder when o is divided by w(h)?
13
Suppose -2*o + 2 = -10. Calculate the remainder when 6/16 + 266/16 - -5 is divided by o.
4
Let k = -16 + 11. Let x(j) be the second derivative of -j**3/6 + 5*j**2 - 5*j + 4. What is the remainder when 27 is divided by x(k)?
12
Calculate the remainder when 172 is divided by 6/(((-403)/(-78))/31).
28
What is the remainder when 454/4767 - (-2 - 13585/21) is divided by 106?
13
Let k be (-4)/((-16)/(-102))*6. Let f = 230 + k. Let i = f + -57. What is the remainder when 74 is divided by i?
14
Suppose 0 = -4*v - 4, -7*f + 3*f - 85 = 5*v. Let l be 1 + (-21)/6*f/2. Suppose t - l = -13. What is the remainder when 55 is divided by t?
9
Let f = -2066 + 2070. What is the remainder when 376 is divided by f?
0
Let n = 40 + -20. Let w(p) = p**3 - 3*p**2 - 12*p + 12. Let a be w(8). Suppose 0 = -4*g - 92 + a. What is the remainder when g is divided by n?
16
Let u be 6 + (20 - 8)*3/(-9). Suppose 0 = 4*o - u*o - 5*r - 118, -295 = -5*o + 5*r. What is the remainder when 113 is divided by o?
54
Suppose 321 + 3 = 2*c. Suppose 3*k + c = 3*i, 2*i - 5*k - 12 = 87. Let r(g) = g**2 + 2*g - 4. What is the remainder when i is divided by r(4)?
17
Let d(u) = -3*u**2 + 127*u + 65. Let w = 29 + -15. Calculate the remainder when d(0) is divided by w.
9
Suppose 2*l = 6*l - 2484. Let p = -4839 - -4928. What is the remainder when l is divided by p?
87
Let x = -34 - -111. Let u = 1525 - 1490. What is the remainder when x is divided by u?
7
Calculate the remainder when (213/(-18))/(97/(-582)) is divided by 5.
1
Suppose -3*f - 11 = -89. Let q be 6/4 + -2*1/(-4). Suppose -q*y + 143 = -3*u, -95 + 262 = 2*y + 5*u. Calculate the remainder when y is divided by f.
24
Let g = 7333 - 7277. Calculate the remainder when 14948 is divided by g.
52
Let b = 50 + -55. Let q be (-3)/b*(12 - 7). Suppose 4*c + 162 = q*z, c = -c. What is the remainder when z is divided by 20?
14
Let t(h) = 30*h + 94. Let k be t(7). Let c = k - 220. What is the remainder when c is divided by 29?
26
Let o be -9 - -18 - (-1 + 7). Suppose -3*d + 90 + 54 = r, 3*r + 5*d = 416. Suppose p + o*p = r. What is the remainder when 98 is divided by p?
32
Let j = 62 + -58. Suppose 0 = 5*q + 3*n - 37, -j*n = -0*q + 2*q - 26. Suppose -76 = -q*p + p. What is the remainder when p is divided by 10?
9
Let u = -25176 + 25353. Calculate the remainder when 5302 is divided by u.
169
Suppose 6845 = 16*c + 1549. Calculate the remainder when c is divided by 95.
46
Let h(n) = 4*n**2 - 611*n + 11. What is the remainder when 4425 is divided by h(153)?
161
Let d(y) = y**3 + 33*y**2 + 62*y + 3. Let w be d(-31). Suppose -2*c = q - 0*c - 21, -w*q + 2*c = -55. Calculate the remainder when q is divided by 6.
1
Let j be (0 - 0)*(-2)/4. Suppose 74*y - 10 = 67*y + 25. Suppose y*b - 60 = -j*b. Calculate the remainder when 21 is divided by b.
9
Suppose -q = -9*q + 24. Suppose -q*v = -241 - 182. Suppose 11*a - 8*a = v. What is the remainder when a is divided by 17?
13
Suppose -2*k - k = -r + 40, 0 = -2*k. Let m(l) = 794*l - 4666. What is the remainder when m(6) is divided by r?
18
Suppose 88*h + 270 = 103*h. Let u = 10 - 0. Suppose -u*b + 128 = h. Calculate the remainder when 30 is divided by b.
8
Let z(m) = m**2 + 7*m - 22. Let p be z(-14). Suppose 0 = 5*k - 7*k + p. Calculate the remainder when k is divided by 7.
3
Suppose 37 = 2*x - 63. Suppose 0 = -136*j + 129*j + 238. Calculate the remainder when x is divided by j.
16
Let h = -1105 + 1126. Calculate the remainder when 76 is divided by h.
13
Suppose -3*a - 5*g + 438 = -4*g, -4*a = -g - 591. Calculate the remainder when a is divided by 53.
41
Let b(h) = -h**3 + 10*h**2 + h + 19. Let s be 1/6 - (-253)/66. Suppose -s*c + 20 = -20. What is the remainder when b(c) is divided by 15?
14
Suppose -820*c + 4*s = -823*c + 197, 4*s = 5*c - 275. Let m(z) = -62*z**3 + 2*z**2 + 3*z + 2. Calculate the remainder when m(-1) is divided by c.
4
Let f(g) = 252*g**2 - 213*g + 7. Calculate the remainder when f(5) is divided by 38.
36
Let o(s) = s - 6. Let m be 2*390/24*(-4)/(-10). Let w be o(m). Let g(h) = 5*h**2 - 15*h - 15. What is the remainder when g(w) is divided by 42?
41
Let g be 1/(-1 - 4/(16/(-6))). Suppose -g*b + 123 = b. Calculate the remainder when 158 is divided by b.
35
Let n = 12280 - 11682. Calculate the remainder when n is divided by 35.
3
Let s(l) = -157*l + 160. Calculate the remainder when s(-6) is divided by 29.
0
Let i = -4675 - -4750. Calculate the remainder when 175 is divided by i.
25
Suppose 3600 = -10*k - 0*k. Let c be (-1)/(2*4/k). Suppose s - c = -12. Calculate the remainder when s is divided by 18.
15
Suppose -376 = -v - 130. Let q = -226 + v. Calculate the remainder when 159 is divided by q.
19
Let q(u) = u**3 + 3*u**2 - 7*u**2 - 3 + 6*u + 0*u**3. Let s be q(3). Suppose 10*t = s*t + 348. What is the remainder when t is divided by 11?
10
Let j(g) = 3*g**3 - 3*g**2 - 2*g - 4. Let n be j(3). Suppose 3*w - n = 10. Calculate the remainder when 85 is divided by w.
13
Let m(v) = -3*v + 41. Let c be m(12). Suppose 3*p + 2*s - 189 = -65, 2*p - 101 = -c*s. Calculate the remainder when 108 is divided by p.
32
Suppose -20 = -i + 9. Let d be -16 - -3 - (12/(-4) - -3). Let f(c) = c**2 + 8*c - 14. What is the remainder when f(d) is divided by i?
22
Suppose 18 - 65 = -w + 4*m, 4*w - 2*m - 188 = 0. Let b = 317 + -317. Calculate the remainder when w is divided by (3 - b)/(78/(-48) + 2).
7
Suppose 0*m + 4*n = m + 24, 2*m = 5*n - 39. Let j be m/(-20)*(-5)/1. What is the remainder when -111*(-16)/(-72)*j/2 is divided by 19?
18
Suppose 0 = -j - 3*j + 136. Let f be (-4)/22 + 70/22. Suppose 143 = -f*g + 548. Calculate the remainder when g is divided by j.
33
Let n be (-8)/(-3)*(-3 - 18/(-4)). Suppose -5*m + 5*z = -2*m - 89, -4 = n*z. Let t(s) = 8*s + 2. What is the remainder when m is divided by t(2)?
10
Let c be (-2)/(-9) - (-58680)/(-162). Let y = -133 - c. Calculate the remainder when y is divided by 23.
22
Let f(o) be the third derivative of 11*o**5/60 + o**4/12 + 43*o**3/6 - 199*o**2. What is the remainder when f(-6) is divided by 39?
37
Let m(r) = -r**2 - 14*r - 41. Let h be m(-8). Calculate the remainder when (h - -1)*(-1825)/(-100) is divided by 42.
20
Let d(i) = -i**2 + 138*i - 4432. Calculate the remainder when 187 is divided by d(86).
27
Suppose 413 = 4*l - 5*m + 96, m = -3*l + 252. Calculate the remainder when 9212 is divided by l.
82
Let f(t) = t**3 + 6*t**2 - 6*t + 6. Suppose 2*o - 25 = -p, 12 = 30*p - 26*p. What is the remainder when f(-6) is divided by o?
9
Suppose -32 = 6*t - 38. Calculate the remainder when t/4 - (-527)/4 is divided by 9.
6
Suppose -8*t + 10*t = 4*i - 72, -4*i - t = -84. What is the remainder when 759 is divided by i?
19
Let m be ((-9)/(-6))/(-3) - 237/(-6). Let q = m + -26. Suppose 6*j - 5*j - 50 = 0. What is the remainder when j is divided by q?
11
Suppose 106*k - 7439 = 26*k + 37*k. Calculate the remainder when 5013 is divided by k.
169
Let s = 8661 + -8646. Calculate the remainder when 2861 is divided by s.
11
Let q(x) = 715*x - 4255. Calculate the remainder when 138 is divided by q(6).
33
Suppose 0 = -g + 3*g - 610. Let y = 372 - g. Let w = -22 - -36. What is the remainder when y is divided by w?
11
Suppose -2*s = -12*z + 8*z - 24, -3*z = 3*s. What is the remainder when (-6)/(s + -2 - 3577/1778) is divided by 15?
13
Suppose 0 = -10*o - 5*l + 126500, -4*l + 12643 = -6*o + 7*o. What is the remainder when o is d